{"id":182,"date":"2026-02-26T23:21:15","date_gmt":"2026-02-26T22:21:15","guid":{"rendered":"https:\/\/florian-portal.com\/?page_id=182"},"modified":"2026-02-26T23:47:52","modified_gmt":"2026-02-26T22:47:52","slug":"funktionsumfang","status":"publish","type":"page","link":"http:\/\/florian-portal.com\/index.php\/funktionsumfang\/","title":{"rendered":"Funktionsumfang"},"content":{"rendered":"\n<h2 class=\"wp-block-heading alignwide\">Funktions\u00fcbersicht der Anwendung<\/h2>\n\n\n\n<p class=\"has-text-align-wide\"><\/p>\n\n\n\n<p class=\"alignwide\"> Die Anwendung unterst\u00fctzt Feuerwehren und Landkreise bei der digitalen Verwaltung von Personal, Ger\u00e4ten, Eins\u00e4tzen und Ausbildungsprozessen. <\/p>\n\n\n\n<p><\/p>\n\n\n\n<hr class=\"wp-block-separator alignwide has-css-opacity\"\/>\n\n\n<p><!-- ================= PERSONAL ================= --><\/p>\n\n\n<div class=\"wp-block-group alignwide is-layout-flow wp-block-group-is-layout-flow\" style=\"padding-top:60px;padding-bottom:60px\">\n<div class=\"wp-block-columns are-vertically-aligned-center is-layout-flex wp-container-core-columns-is-layout-28f84493 wp-block-columns-is-layout-flex\">\n<div class=\"wp-block-column is-layout-flow wp-block-column-is-layout-flow\" style=\"flex-basis:50%\">\n<h3 class=\"wp-block-heading\">Personalverwaltung &amp; Qualifikationen<\/h3>\n\n\n\n<ul class=\"wp-block-list\">\n<li>Digitale Stammdatenverwaltung aller Einsatzkr\u00e4fte<\/li>\n\n\n\n<li>Verwaltung von Ausbildungsst\u00e4nden<\/li>\n\n\n\n<li>F\u00fchrerschein- und G26.3-\u00dcberwachung mit Fristwarnungen<\/li>\n\n\n\n<li>Dokumenten-Upload (Zertifikate, Nachweise)<\/li>\n<\/ul>\n<\/div>\n\n\n\n<div class=\"wp-block-column is-layout-flow wp-block-column-is-layout-flow\" style=\"flex-basis:50%\">\n<figure class=\"wp-block-gallery has-nested-images columns-default is-cropped wp-block-gallery-1 is-layout-flex wp-block-gallery-is-layout-flex\">\n<figure class=\"wp-block-image size-large\"><img loading=\"lazy\" decoding=\"async\" width=\"861\" height=\"1024\" data-id=\"134\" src=\"https:\/\/florian-portal.com\/wp-content\/uploads\/2026\/02\/Einsatzkraft_view1-2-861x1024.png\" alt=\"\" class=\"wp-image-134\" srcset=\"http:\/\/florian-portal.com\/wp-content\/uploads\/2026\/02\/Einsatzkraft_view1-2-861x1024.png 861w, http:\/\/florian-portal.com\/wp-content\/uploads\/2026\/02\/Einsatzkraft_view1-2-252x300.png 252w, http:\/\/florian-portal.com\/wp-content\/uploads\/2026\/02\/Einsatzkraft_view1-2-768x913.png 768w, http:\/\/florian-portal.com\/wp-content\/uploads\/2026\/02\/Einsatzkraft_view1-2-1292x1536.png 1292w, http:\/\/florian-portal.com\/wp-content\/uploads\/2026\/02\/Einsatzkraft_view1-2.png 1617w\" sizes=\"auto, (max-width: 861px) 100vw, 861px\" \/><figcaption class=\"wp-element-caption\">\u00dcbersicht Einsatzkraft<\/figcaption><\/figure>\n\n\n\n<figure class=\"wp-block-image size-large\"><img loading=\"lazy\" decoding=\"async\" width=\"922\" height=\"1024\" data-id=\"148\" src=\"https:\/\/florian-portal.com\/wp-content\/uploads\/2026\/02\/Einsatzbericht_liste-1-922x1024.png\" alt=\"\" class=\"wp-image-148\" srcset=\"http:\/\/florian-portal.com\/wp-content\/uploads\/2026\/02\/Einsatzbericht_liste-1-922x1024.png 922w, http:\/\/florian-portal.com\/wp-content\/uploads\/2026\/02\/Einsatzbericht_liste-1-270x300.png 270w, http:\/\/florian-portal.com\/wp-content\/uploads\/2026\/02\/Einsatzbericht_liste-1-768x853.png 768w, http:\/\/florian-portal.com\/wp-content\/uploads\/2026\/02\/Einsatzbericht_liste-1-1382x1536.png 1382w, http:\/\/florian-portal.com\/wp-content\/uploads\/2026\/02\/Einsatzbericht_liste-1.png 1710w\" sizes=\"auto, (max-width: 922px) 100vw, 922px\" \/><figcaption class=\"wp-element-caption\">Liste der Einsatzkr\u00e4fte<\/figcaption><\/figure>\n<\/figure>\n<\/div>\n<\/div>\n<\/div>\n\n\n\n<div class=\"wp-block-group is-vertical is-layout-flex wp-container-core-group-is-layout-fe9cc265 wp-block-group-is-layout-flex\"><\/div>\n\n\n\n<div class=\"wp-block-group alignwide has-background is-layout-flow wp-block-group-is-layout-flow\" style=\"background-color:#f5f5f5;padding-top:60px;padding-bottom:60px\">\n<div class=\"wp-block-columns are-vertically-aligned-center is-layout-flex wp-container-core-columns-is-layout-28f84493 wp-block-columns-is-layout-flex\">\n<div class=\"wp-block-column is-layout-flow wp-block-column-is-layout-flow\" style=\"flex-basis:50%\">\n<figure class=\"wp-block-gallery has-nested-images columns-default is-cropped wp-block-gallery-2 is-layout-flex wp-block-gallery-is-layout-flex\">\n<figure class=\"wp-block-image size-large\"><img loading=\"lazy\" decoding=\"async\" width=\"1024\" height=\"750\" data-id=\"151\" src=\"https:\/\/florian-portal.com\/wp-content\/uploads\/2026\/02\/Fahrzeug_view-1024x750.png\" alt=\"\" class=\"wp-image-151\" srcset=\"http:\/\/florian-portal.com\/wp-content\/uploads\/2026\/02\/Fahrzeug_view-1024x750.png 1024w, http:\/\/florian-portal.com\/wp-content\/uploads\/2026\/02\/Fahrzeug_view-300x220.png 300w, http:\/\/florian-portal.com\/wp-content\/uploads\/2026\/02\/Fahrzeug_view-768x562.png 768w, http:\/\/florian-portal.com\/wp-content\/uploads\/2026\/02\/Fahrzeug_view-1536x1124.png 1536w, http:\/\/florian-portal.com\/wp-content\/uploads\/2026\/02\/Fahrzeug_view.png 1702w\" sizes=\"auto, (max-width: 1024px) 100vw, 1024px\" \/><figcaption class=\"wp-element-caption\">\u00dcbersicht Fahrzeug<\/figcaption><\/figure>\n\n\n\n<figure class=\"wp-block-image size-large\"><img loading=\"lazy\" decoding=\"async\" width=\"1024\" height=\"705\" data-id=\"152\" src=\"https:\/\/florian-portal.com\/wp-content\/uploads\/2026\/02\/Fahrzeug_liste-1024x705.png\" alt=\"\" class=\"wp-image-152\" srcset=\"http:\/\/florian-portal.com\/wp-content\/uploads\/2026\/02\/Fahrzeug_liste-1024x705.png 1024w, http:\/\/florian-portal.com\/wp-content\/uploads\/2026\/02\/Fahrzeug_liste-300x206.png 300w, http:\/\/florian-portal.com\/wp-content\/uploads\/2026\/02\/Fahrzeug_liste-768x529.png 768w, http:\/\/florian-portal.com\/wp-content\/uploads\/2026\/02\/Fahrzeug_liste-1536x1057.png 1536w, http:\/\/florian-portal.com\/wp-content\/uploads\/2026\/02\/Fahrzeug_liste.png 1710w\" sizes=\"auto, (max-width: 1024px) 100vw, 1024px\" \/><figcaption class=\"wp-element-caption\">Fahrzeugliste<\/figcaption><\/figure>\n\n\n\n<figure class=\"wp-block-image size-large\"><img loading=\"lazy\" decoding=\"async\" width=\"1024\" height=\"533\" data-id=\"161\" src=\"https:\/\/florian-portal.com\/wp-content\/uploads\/2026\/02\/Geraet_view-1024x533.png\" alt=\"\" class=\"wp-image-161\" srcset=\"http:\/\/florian-portal.com\/wp-content\/uploads\/2026\/02\/Geraet_view-1024x533.png 1024w, http:\/\/florian-portal.com\/wp-content\/uploads\/2026\/02\/Geraet_view-300x156.png 300w, http:\/\/florian-portal.com\/wp-content\/uploads\/2026\/02\/Geraet_view-768x400.png 768w, http:\/\/florian-portal.com\/wp-content\/uploads\/2026\/02\/Geraet_view-1536x800.png 1536w, http:\/\/florian-portal.com\/wp-content\/uploads\/2026\/02\/Geraet_view-2048x1067.png 2048w\" sizes=\"auto, (max-width: 1024px) 100vw, 1024px\" \/><figcaption class=\"wp-element-caption\">\u00dcbersicht Ger\u00e4t<\/figcaption><\/figure>\n\n\n\n<figure class=\"wp-block-image size-large\"><img loading=\"lazy\" decoding=\"async\" width=\"1024\" height=\"535\" data-id=\"162\" src=\"https:\/\/florian-portal.com\/wp-content\/uploads\/2026\/02\/Geraete_liste-1024x535.png\" alt=\"\" class=\"wp-image-162\" srcset=\"http:\/\/florian-portal.com\/wp-content\/uploads\/2026\/02\/Geraete_liste-1024x535.png 1024w, http:\/\/florian-portal.com\/wp-content\/uploads\/2026\/02\/Geraete_liste-300x157.png 300w, http:\/\/florian-portal.com\/wp-content\/uploads\/2026\/02\/Geraete_liste-768x401.png 768w, http:\/\/florian-portal.com\/wp-content\/uploads\/2026\/02\/Geraete_liste-1536x802.png 1536w, http:\/\/florian-portal.com\/wp-content\/uploads\/2026\/02\/Geraete_liste-2048x1070.png 2048w\" sizes=\"auto, (max-width: 1024px) 100vw, 1024px\" \/><figcaption class=\"wp-element-caption\">Ger\u00e4teliste<\/figcaption><\/figure>\n<\/figure>\n<\/div>\n\n\n\n<div class=\"wp-block-column is-layout-flow wp-block-column-is-layout-flow\" style=\"flex-basis:50%\">\n<h3 class=\"wp-block-heading\">Ger\u00e4te- und Fahrzeugverwaltung<\/h3>\n\n\n\n<ul class=\"wp-block-list\">\n<li>Automatische Inventarnummernvergabe und Barcodeerstellung<\/li>\n\n\n\n<li>Konfigurierbare Pr\u00fcfintervalle<\/li>\n\n\n\n<li>Automatische Berechnung n\u00e4chster Pr\u00fcftermine<\/li>\n\n\n\n<li>Dokumentierte Pr\u00fcfprotokolle<\/li>\n\n\n\n<li>Integrierter Barcode-Scanner<\/li>\n\n\n\n<li>Fahrzeugpr\u00fcfung nach DGUV 70<\/li>\n<\/ul>\n<\/div>\n<\/div>\n<\/div>\n\n\n<p><!-- ================= EINSATZ ================= --><\/p>\n\n\n<div class=\"wp-block-group alignwide is-layout-flow wp-block-group-is-layout-flow\" style=\"padding-top:60px;padding-bottom:60px\">\n<div class=\"wp-block-columns are-vertically-aligned-center is-layout-flex wp-container-core-columns-is-layout-28f84493 wp-block-columns-is-layout-flex\">\n<div class=\"wp-block-column is-layout-flow wp-block-column-is-layout-flow\" style=\"flex-basis:50%\">\n<h3 class=\"wp-block-heading\">Einsatzberichtswesen<\/h3>\n\n\n\n<ul class=\"wp-block-list\">\n<li>Revisionssichere Einsatzdokumentation<\/li>\n\n\n\n<li>Zuordnung von Personal, Fahrzeugen und Ger\u00e4ten<\/li>\n\n\n\n<li>Automatische Kostenberechnung<\/li>\n\n\n\n<li>Flexible Abrechnungsarten<\/li>\n\n\n\n<li>Nachtr\u00e4gliche Kostenkorrekturen m\u00f6glich<\/li>\n\n\n\n<li>Automatischer PDF-Rechnungsversand<\/li>\n\n\n\n<li>Einsatzbilder direkt am Bericht<\/li>\n<\/ul>\n<\/div>\n\n\n\n<div class=\"wp-block-column is-layout-flow wp-block-column-is-layout-flow\" style=\"flex-basis:50%\">\n<figure class=\"wp-block-gallery has-nested-images columns-default is-cropped wp-block-gallery-3 is-layout-flex wp-block-gallery-is-layout-flex\">\n<figure class=\"wp-block-image size-large\"><img loading=\"lazy\" decoding=\"async\" width=\"1024\" height=\"780\" data-id=\"154\" src=\"https:\/\/florian-portal.com\/wp-content\/uploads\/2026\/02\/Einsatzbericht_liste-2-1024x780.png\" alt=\"\" class=\"wp-image-154\" srcset=\"http:\/\/florian-portal.com\/wp-content\/uploads\/2026\/02\/Einsatzbericht_liste-2-1024x780.png 1024w, http:\/\/florian-portal.com\/wp-content\/uploads\/2026\/02\/Einsatzbericht_liste-2-300x228.png 300w, http:\/\/florian-portal.com\/wp-content\/uploads\/2026\/02\/Einsatzbericht_liste-2-768x585.png 768w, http:\/\/florian-portal.com\/wp-content\/uploads\/2026\/02\/Einsatzbericht_liste-2-1536x1170.png 1536w, http:\/\/florian-portal.com\/wp-content\/uploads\/2026\/02\/Einsatzbericht_liste-2.png 1706w\" sizes=\"auto, (max-width: 1024px) 100vw, 1024px\" \/><figcaption class=\"wp-element-caption\">\u00dcbersicht Einsatzberichte<\/figcaption><\/figure>\n\n\n\n<figure class=\"wp-block-image size-large\"><img loading=\"lazy\" decoding=\"async\" width=\"1024\" height=\"975\" data-id=\"160\" src=\"https:\/\/florian-portal.com\/wp-content\/uploads\/2026\/02\/Abrechnung-1024x975.png\" alt=\"\" class=\"wp-image-160\" srcset=\"http:\/\/florian-portal.com\/wp-content\/uploads\/2026\/02\/Abrechnung-1024x975.png 1024w, http:\/\/florian-portal.com\/wp-content\/uploads\/2026\/02\/Abrechnung-300x286.png 300w, http:\/\/florian-portal.com\/wp-content\/uploads\/2026\/02\/Abrechnung-768x731.png 768w, http:\/\/florian-portal.com\/wp-content\/uploads\/2026\/02\/Abrechnung-1536x1463.png 1536w, http:\/\/florian-portal.com\/wp-content\/uploads\/2026\/02\/Abrechnung.png 1783w\" sizes=\"auto, (max-width: 1024px) 100vw, 1024px\" \/><figcaption class=\"wp-element-caption\">Abrechnung<\/figcaption><\/figure>\n\n\n\n<figure class=\"wp-block-image size-large\"><img loading=\"lazy\" decoding=\"async\" width=\"1024\" height=\"876\" data-id=\"155\" src=\"https:\/\/florian-portal.com\/wp-content\/uploads\/2026\/02\/Einsatzbericht_view-1-1024x876.png\" alt=\"\" class=\"wp-image-155\" srcset=\"http:\/\/florian-portal.com\/wp-content\/uploads\/2026\/02\/Einsatzbericht_view-1-1024x876.png 1024w, http:\/\/florian-portal.com\/wp-content\/uploads\/2026\/02\/Einsatzbericht_view-1-300x257.png 300w, http:\/\/florian-portal.com\/wp-content\/uploads\/2026\/02\/Einsatzbericht_view-1-768x657.png 768w, http:\/\/florian-portal.com\/wp-content\/uploads\/2026\/02\/Einsatzbericht_view-1-1536x1314.png 1536w, http:\/\/florian-portal.com\/wp-content\/uploads\/2026\/02\/Einsatzbericht_view-1-2048x1751.png 2048w\" sizes=\"auto, (max-width: 1024px) 100vw, 1024px\" \/><figcaption class=\"wp-element-caption\">Einsatzbericht ansicht<\/figcaption><\/figure>\n\n\n\n<figure class=\"wp-block-image size-large\"><img loading=\"lazy\" decoding=\"async\" width=\"945\" height=\"1024\" data-id=\"156\" src=\"https:\/\/florian-portal.com\/wp-content\/uploads\/2026\/02\/Jahresbericht-945x1024.png\" alt=\"\" class=\"wp-image-156\" srcset=\"http:\/\/florian-portal.com\/wp-content\/uploads\/2026\/02\/Jahresbericht-945x1024.png 945w, http:\/\/florian-portal.com\/wp-content\/uploads\/2026\/02\/Jahresbericht-277x300.png 277w, http:\/\/florian-portal.com\/wp-content\/uploads\/2026\/02\/Jahresbericht-768x832.png 768w, http:\/\/florian-portal.com\/wp-content\/uploads\/2026\/02\/Jahresbericht-1418x1536.png 1418w, http:\/\/florian-portal.com\/wp-content\/uploads\/2026\/02\/Jahresbericht.png 1780w\" sizes=\"auto, (max-width: 945px) 100vw, 945px\" \/><figcaption class=\"wp-element-caption\">Jahresbericht<\/figcaption><\/figure>\n<\/figure>\n<\/div>\n<\/div>\n<\/div>\n\n\n<p><!-- ================= BSW ================= --><\/p>\n\n\n<div class=\"wp-block-group alignwide has-background is-layout-flow wp-block-group-is-layout-flow\" style=\"background-color:#f5f5f5;padding-top:60px;padding-bottom:60px\">\n<div class=\"wp-block-columns are-vertically-aligned-center is-layout-flex wp-container-core-columns-is-layout-28f84493 wp-block-columns-is-layout-flex\">\n<div class=\"wp-block-column is-layout-flow wp-block-column-is-layout-flow\" style=\"flex-basis:50%\">\n<figure class=\"wp-block-gallery has-nested-images columns-default is-cropped wp-block-gallery-4 is-layout-flex wp-block-gallery-is-layout-flex\">\n<figure class=\"wp-block-image size-large\"><img loading=\"lazy\" decoding=\"async\" width=\"1024\" height=\"730\" data-id=\"159\" src=\"https:\/\/florian-portal.com\/wp-content\/uploads\/2026\/02\/BSW_neu-1024x730.png\" alt=\"\" class=\"wp-image-159\" srcset=\"http:\/\/florian-portal.com\/wp-content\/uploads\/2026\/02\/BSW_neu-1024x730.png 1024w, http:\/\/florian-portal.com\/wp-content\/uploads\/2026\/02\/BSW_neu-300x214.png 300w, http:\/\/florian-portal.com\/wp-content\/uploads\/2026\/02\/BSW_neu-768x547.png 768w, http:\/\/florian-portal.com\/wp-content\/uploads\/2026\/02\/BSW_neu-1536x1095.png 1536w, http:\/\/florian-portal.com\/wp-content\/uploads\/2026\/02\/BSW_neu.png 1797w\" sizes=\"auto, (max-width: 1024px) 100vw, 1024px\" \/><figcaption class=\"wp-element-caption\">Anlegen Brandsicherheitswache<\/figcaption><\/figure>\n\n\n\n<figure class=\"wp-block-image size-large\"><img loading=\"lazy\" decoding=\"async\" width=\"1024\" height=\"823\" data-id=\"157\" src=\"https:\/\/florian-portal.com\/wp-content\/uploads\/2026\/02\/BSW-1024x823.png\" alt=\"\" class=\"wp-image-157\" srcset=\"http:\/\/florian-portal.com\/wp-content\/uploads\/2026\/02\/BSW-1024x823.png 1024w, http:\/\/florian-portal.com\/wp-content\/uploads\/2026\/02\/BSW-300x241.png 300w, http:\/\/florian-portal.com\/wp-content\/uploads\/2026\/02\/BSW-768x617.png 768w, http:\/\/florian-portal.com\/wp-content\/uploads\/2026\/02\/BSW-1536x1235.png 1536w, http:\/\/florian-portal.com\/wp-content\/uploads\/2026\/02\/BSW.png 1791w\" sizes=\"auto, (max-width: 1024px) 100vw, 1024px\" \/><figcaption class=\"wp-element-caption\">Brandsicherheitswache<\/figcaption><\/figure>\n\n\n\n<figure class=\"wp-block-image size-large\"><img loading=\"lazy\" decoding=\"async\" width=\"1024\" height=\"956\" data-id=\"158\" src=\"https:\/\/florian-portal.com\/wp-content\/uploads\/2026\/02\/BSW_eintragen-1024x956.png\" alt=\"\" class=\"wp-image-158\" srcset=\"http:\/\/florian-portal.com\/wp-content\/uploads\/2026\/02\/BSW_eintragen-1024x956.png 1024w, http:\/\/florian-portal.com\/wp-content\/uploads\/2026\/02\/BSW_eintragen-300x280.png 300w, http:\/\/florian-portal.com\/wp-content\/uploads\/2026\/02\/BSW_eintragen-768x717.png 768w, http:\/\/florian-portal.com\/wp-content\/uploads\/2026\/02\/BSW_eintragen.png 1076w\" sizes=\"auto, (max-width: 1024px) 100vw, 1024px\" \/><figcaption class=\"wp-element-caption\">Eintragen f\u00fcr die Brandsicherheitswache<\/figcaption><\/figure>\n<\/figure>\n<\/div>\n\n\n\n<div class=\"wp-block-column is-layout-flow wp-block-column-is-layout-flow\" style=\"flex-basis:50%\">\n<h3 class=\"wp-block-heading\">Brandsicherheitswachen (BSW)<\/h3>\n\n\n\n<ul class=\"wp-block-list\">\n<li>Individuelle Schichtzeiten<\/li>\n\n\n\n<li>Selbsteintragung mit Benachrichtigung<\/li>\n\n\n\n<li>Automatische Entsch\u00e4digungsberechnung<\/li>\n\n\n\n<li>Automatische PDF-Rechnung <\/li>\n\n\n\n<li>Kontrollworkflow vor Versand<\/li>\n<\/ul>\n<\/div>\n<\/div>\n<\/div>\n\n\n\n<div class=\"wp-block-group alignwide is-layout-flow wp-block-group-is-layout-flow\" style=\"padding-top:60px;padding-bottom:60px\">\n<div class=\"wp-block-columns are-vertically-aligned-center is-layout-flex wp-container-core-columns-is-layout-28f84493 wp-block-columns-is-layout-flex\">\n<div class=\"wp-block-column is-layout-flow wp-block-column-is-layout-flow\" style=\"flex-basis:50%\">\n<h3 class=\"wp-block-heading\">Eigenverwaltung f\u00fcr Einsatzkr\u00e4fte<\/h3>\n\n\n\n<ul class=\"wp-block-list\">\n<li>\u00c4nderung von eigenen Stammdaten<\/li>\n\n\n\n<li>Kalender mit \u00dcbersicht alle \u00dcbungstermine, <\/li>\n<\/ul>\n<\/div>\n\n\n\n<div class=\"wp-block-column is-layout-flow wp-block-column-is-layout-flow\" style=\"flex-basis:50%\">\n<figure class=\"wp-block-gallery has-nested-images columns-default is-cropped wp-block-gallery-5 is-layout-flex wp-block-gallery-is-layout-flex\">\n<figure class=\"wp-block-image size-large\"><img loading=\"lazy\" decoding=\"async\" width=\"1024\" height=\"511\" data-id=\"165\" src=\"https:\/\/florian-portal.com\/wp-content\/uploads\/2026\/02\/Kalender-1024x511.png\" alt=\"\" class=\"wp-image-165\" srcset=\"http:\/\/florian-portal.com\/wp-content\/uploads\/2026\/02\/Kalender-1024x511.png 1024w, http:\/\/florian-portal.com\/wp-content\/uploads\/2026\/02\/Kalender-300x150.png 300w, http:\/\/florian-portal.com\/wp-content\/uploads\/2026\/02\/Kalender-768x383.png 768w, http:\/\/florian-portal.com\/wp-content\/uploads\/2026\/02\/Kalender-1536x766.png 1536w, http:\/\/florian-portal.com\/wp-content\/uploads\/2026\/02\/Kalender-2048x1022.png 2048w\" sizes=\"auto, (max-width: 1024px) 100vw, 1024px\" \/><\/figure>\n<\/figure>\n<\/div>\n<\/div>\n<\/div>\n","protected":false},"excerpt":{"rendered":"<p>Funktions\u00fcbersicht der Anwendung Die Anwendung unterst\u00fctzt Feuerwehren und Landkreise bei der digitalen Verwaltung von Personal, Ger\u00e4ten, Eins\u00e4tzen und Ausbildungsprozessen. Personalverwaltung &amp; Qualifikationen Ger\u00e4te- und Fahrzeugverwaltung Einsatzberichtswesen Brandsicherheitswachen (BSW) Eigenverwaltung f\u00fcr Einsatzkr\u00e4fte<\/p>\n","protected":false},"author":1,"featured_media":0,"parent":0,"menu_order":0,"comment_status":"closed","ping_status":"closed","template":"","meta":{"footnotes":""},"class_list":["post-182","page","type-page","status-publish","hentry"],"_links":{"self":[{"href":"http:\/\/florian-portal.com\/index.php\/wp-json\/wp\/v2\/pages\/182","targetHints":{"allow":["GET"]}}],"collection":[{"href":"http:\/\/florian-portal.com\/index.php\/wp-json\/wp\/v2\/pages"}],"about":[{"href":"http:\/\/florian-portal.com\/index.php\/wp-json\/wp\/v2\/types\/page"}],"author":[{"embeddable":true,"href":"http:\/\/florian-portal.com\/index.php\/wp-json\/wp\/v2\/users\/1"}],"replies":[{"embeddable":true,"href":"http:\/\/florian-portal.com\/index.php\/wp-json\/wp\/v2\/comments?post=182"}],"version-history":[{"count":8,"href":"http:\/\/florian-portal.com\/index.php\/wp-json\/wp\/v2\/pages\/182\/revisions"}],"predecessor-version":[{"id":198,"href":"http:\/\/florian-portal.com\/index.php\/wp-json\/wp\/v2\/pages\/182\/revisions\/198"}],"wp:attachment":[{"href":"http:\/\/florian-portal.com\/index.php\/wp-json\/wp\/v2\/media?parent=182"}],"curies":[{"name":"wp","href":"https:\/\/api.w.org\/{rel}","templated":true}]}}